vided by (-2)/(-5)*6*j?
10
Let y = 71 + -61. Calculate the remainder when 37 is divided by y.
7
What is the remainder when (-4)/(16/(-38))*8 is divided by (0 - -2 - -25) + -1?
24
Let p(s) = -s**3 - s**2 + 2. Suppose 0 = 3*y + y + l - 14, 0 = 4*y + 2*l - 12. What is the remainder when y is divided by p(0)?
0
Suppose 202 = 7*v + 48. What is the remainder when 86 is divided by v?
20
Let j = -18 - -21. Suppose -j*o + 6*o = 93. Calculate the remainder when 89 is divided by o.
27
What is the remainder when 3/(-9)*3 - -77 is divided by 27?
22
Suppose -6*w + 2*w = -16. Suppose -w*c - 5 = -17. Let u = 14 + -6. What is the remainder when u is divided by c?
2
Let n(y) = y**3 + 5*y**2 + y - 1. Let f be n(-4). Let g be (0 - 2) + -1 + f. Let u(p) = p**3 - 8*p**2 + p - 3. What is the remainder when 13 is divided by u(g)?
3
Suppose -l + 22 = 3*f, -3*l + 18 = -0*f + f. Let x(g) = g**2 + 14*g + 17. Calculate the remainder when f is divided by x(-13).
2
Let o = 121 + -69. Suppose -5*q - 84 = -2*f - 22, 0 = -f + 4*q + 34. Let c = o - f. Calculate the remainder when c is divided by 9.
8
Let g(u) = -u**2 - 10*u - 2. Let x(o) = 29*o - 3. Calculate the remainder when x(2) is divided by g(-8).
13
Suppose -36 = -4*m - 5*s + 328, -102 = -m - 4*s. Calculate the remainder when m is divided by 44.
42
Let k = -183 + 257. What is the remainder when k is divided by 15?
14
Suppose -3*q = -3*t - 30, -5*q + 25 = t - 31. Calculate the remainder when q is divided by 3.
2
Let c(s) = -s + 7. Let g be c(4). Suppose 2*y = -r - g*y + 2, -34 = -5*r - y. Calculate the remainder when 18 is divided by r.
4
Suppose 69*s = 74*s - 100. What is the remainder when s is divided by 7?
6
Suppose -29 = -3*d + z, -51 = -5*d - 4*z + 3*z. Suppose -g - 11 = -l + 3*g, -g = 4*l - d. What is the remainder when 16 is divided by l/6*-6 - -9?
4
Suppose 42*t - 15*t = 675. Calculate the remainder when -4*(-3)/(-1)*-8 is divided by t.
21
Suppose 4*i + 5 = 3*c, -5*c + 2*c + 2*i = -7. Suppose -c*p - 2*w + 44 = 0, p = 5*p + w - 67. Let l = -3 - -13. Calculate the remainder when p is divided by l.
8
Let r = -4 - -4. Suppose r*g = -3*g + 12. Suppose o - 24 = -g*d, o - 15 = -3*d + 2. What is the remainder when 12 is divided by d?
5
Suppose 0 = 2*x - 4*s - 74, -s + 60 = 2*x + 2*s. Calculate the remainder when x is divided by 12.
9
Suppose 4*c + 3*t = 6 + 152, 3*c + 4*t = 122. Let o be 48 - (-1 - (-9)/3). Let k = o - 33. Calculate the remainder when c is divided by k.
12
Let h(y) = -y**2 + 11*y - 14. Let b(t) = -t**3 + 4*t**2 + 8*t - 5. Let z be b(5). Let g be h(z). Let r = 7 + g. What is the remainder when r is divided by 2?
1
Let p = -24 - -48. Suppose -m + 9 = -4*m. Let k(y) = 2*y**2 + 3*y + 4. Calculate the remainder when p is divided by k(m).
11
Let g = -2 + 10. Suppose 4 = 2*m - g. Calculate the remainder when 16 is divided by m.
4
Let s = -9 - -20. Let k = -10 - -13. Calculate the remainder when s is divided by k.
2
Let q(g) = g**3 - g**2 - g + 1. Suppose -5*x - 63 = -293. Calculate the remainder when x is divided by q(3).
14
Let a = -15 - -21. Calculate the remainder when ((-60)/(-9))/((-6)/(-9) + 0) is divided by a.
4
Let i(w) = w**2 + 8*w - 8. Let p(z) = 4*z - 2. Let m be p(-2). Calculate the remainder when 45 is divided by i(m).
9
Let b(s) = 5*s - 3. Let h = 7 + -4. What is the remainder when 27/18*(-88)/(-6) is divided by b(h)?
10
Let x(z) = -6*z - 1. Let b be x(-1). Suppose b*t - 8 = 22. What is the remainder when 10 is divided by t?
4
Let t = -3 + 3. Let q = 2 + t. Let c(r) = 4*r + 1. Calculate the remainder when 26 is divided by c(q).
8
Let q(j) = -j**2 + 15*j - 17. Calculate the remainder when q(10) is divided by 17.
16
What is the remainder when 23 is divided by (-3 - ((-12)/(-4))/(-3)) + 15?
10
Calculate the remainder when 23 is divided by -18*(14/(-21) - 1/(-3)).
5
Suppose 0*i - i + 11 = 0. Calculate the remainder when 18 - (8/2)/(-2) is divided by i.
9
Suppose 1 = 4*p - 3. Let d(j) = -j**2 - 8*j - 9. What is the remainder when d(-6) is divided by p?
0
Suppose -72 = f - 3*f. Suppose -4*c + f + 68 = 0. Calculate the remainder when c is divided by 7.
5
Suppose -2*s = -7*s - 45. Calculate the remainder when (s/3)/((-3)/13) is divided by 7.
6
Let w = -10 - -17. Let f = -1 + w. Suppose f*j - 56 = 2*j. Calculate the remainder when 25 is divided by j.
11
Let m(p) be the second derivative of -2*p**3/3 - p**2 - p. What is the remainder when m(-4) is divided by 5?
4
Let l = 50 - 33. Let d(g) = -3*g + 18. Calculate the remainder when l is divided by d(3).
8
Let s(j) = -3*j - 6. Let u be (1 + -16)*(-6)/(-15). Calculate the remainder when 47 is divided by s(u).
11
Let t(p) = p + 3. Let v be t(-6). Let o(x) = x**3 + 5*x**2 + x + 1. Calculate the remainder when o(v) is divided by 9.
7
Suppose 4*u + 10 = -14. Calculate the remainder when 90*1*(-3)/u is divided by 12.
9
Let a(c) = c - 3. What is the remainder when 26 is divided by a(10)?
5
Suppose 0 = -4*l + 5*a + 133, 0*l - 2*a - 64 = -2*l. What is the remainder when 105 is divided by l?
24
Suppose g - 6 = -1. Suppose -g*u = -2*x - u + 10, 0 = -2*u. What is the remainder when (9/2)/(2/4) is divided by x?
4
Suppose 0 = -4*d - z + 2*z + 72, z = d - 15. Let k(w) = w**3 - 5*w**2 - 2*w - 10. What is the remainder when k(7) is divided by d?
17
Suppose l + 38 = f, 4*f = 2*f + 5*l + 85. What is the remainder when 67 is divided by f?
32
Let s(o) = -o - 2. Let i be s(5). Let l = 11 + i. Suppose 0*j - 2*j - 47 = -5*w, -2*j + 8 = 0. Calculate the remainder when w is divided by l.
3
Let m(h) = h - 4. Let n be m(7). Suppose n*l + 25 = 4*s, 2*s - l - 6 = s. Calculate the remainder when 18 is divided by s.
4
Let u = -4 - -8. Suppose -2*y - 4*x = -18, -3*y - u*x = 3 - 26. Let t = 28 - y. Calculate the remainder when t is divided by 8.
7
Let o(a) = a**3 - 3*a**2 + 3*a - 2. Calculate the remainder when o(4) is divided by 4.
2
Suppose 4*o - 28 = 28. Calculate the remainder when 83 is divided by o.
13
Let d(h) = -h**2 + 11*h + 3. Let v be d(9). Suppose -7 = -2*m + v. What is the remainder when 41 is divided by m?
13
Let r(y) = y**2 - 12*y - 1. What is the remainder when 21 is divided by r(13)?
9
Suppose c + 4*c = 95. Suppose 0 = -w + 3*w - 6. Suppose 2*m + w*m = -3*y + 46, 10 = 2*m + 4*y. What is the remainder when c is divided by m?
8
Let p(v) = -v**2 + 16*v + 10. Calculate the remainder when 28 is divided by p(16).
8
Let l(p) = 2*p**2 + 44*p + 20. Calculate the remainder when 35 is divided by l(-22).
15
Let b be (-6 - -7) + (1 - 0). Suppose -3*m + b = 3*g + 74, 5*m = g - 114. Let u = -13 - m. What is the remainder when 29 is divided by u?
9
Let z = -2 - 1. Calculate the remainder when 1/(339/(-114) - z) is divided by 10.
8
Let m be (-6 - -7)/(1/5). Suppose -19 = -m*f - 3*a, -3*f + 2*a + 2*a = 6. What is the remainder when 3 is divided by f?
1
Calculate the remainder when 25 is divided by 2 - 2 - (-20 - -6).
11
Let x = 1 + 3. Let r = 14 - x. What is the remainder when r is divided by 4?
2
Suppose 0 = 7*n - 2*n - 50. Suppose -2*j + 0 = -4. Suppose j*x - 5*d = 12, 20 - 2 = 3*x - 3*d. Calculate the remainder when n is divided by x.
4
Calculate the remainder when (48 + 1)*(0 - -1) is divided by 15 - (5 + (-56)/8).
15
Suppose 0 = -4*q - 20, -p = -q + 2*q - 49. Suppose -5*w + p + 121 = -h, 5*w + h - 185 = 0. What is the remainder when w is divided by 19?
17
Let o(q) = 5*q - 9. Calculate the remainder when o(4) is divided by 4.
3
Let n(m) = m**2 + 3*m + 6. What is the remainder when 46 is divided by n(-6)?
22
Suppose -2*i - 2*z + 18 = -6*z, -2*i - 14 = 4*z. What is the remainder when 3 is divided by i?
0
Suppose 16*j - 10*j = 402. What is the remainder when j is divided by 35?
32
Suppose -5*l = -43 - 117. Calculate the remainder when 7 is divided by (l/40)/((-4)/(-10)).
1
Suppose -c = c + 4, 2*s + c - 58 = 0. What is the remainder when 119 is divided by s?
29
Let j(l) be the first derivative of 19*l**3/3 + 3. Calculate the remainder when j(-1) is divided by 10.
9
Suppose 6*k = -2*k + 120. What is the remainder when k is divided by 6?
3
Let t(g) = 25*g**2 - g - 1. Calculate the remainder when t(-1) is divided by 7.
4
Let d(w) = w**3 - 12*w**2 + w + 9. Calculate the remainder when 40 is divided by d(12).
19
Suppose 11 = 5*a - 114. Calculate the remainder when a is divided by 2/7 - 89/(-7).